)/6)*-2. Let c(s) = s + 5. Let j be c(0). List the prime factors of o/j + (-114)/(-10).
2, 3
Let o(c) = 103*c**3 - c**2 + 2*c - 2. List the prime factors of o(1).
2, 3, 17
Suppose -g = 3*g - 28. Suppose -g = 2*o - 4*j - 1, -5*o - j = -18. Suppose -2*u - k + 14 = 0, -o*u + 5 = -4*k - 27. What are the prime factors of u?
2
Suppose -3*j + 15 = -3*v, 2 = -2*v - 0. Suppose 3*k - 11 - j = 0, 2*k = -2*c + 16. Suppose -2*x - 3*x + 12 = -y, y - 4 = -c*x. What are the prime factors of x?
2
Suppose 2*t - 3*d = 22, 0 = 5*d - d + 16. What are the prime factors of t?
5
Suppose 287 + 70 = 7*i. List the prime factors of i.
3, 17
Let n(g) = g. Let k(m) = 12*m + 1. Let r(x) = -k(x) + 3*n(x). What are the prime factors of r(-1)?
2
Suppose n - 5*q - 51 = -q, -5*n - q + 150 = 0. List the prime factors of n.
31
Suppose 0 = -4*o + 6*o - 4. Suppose 3*i = -2*y + 59, 0 = i - 3*y + o - 7. What are the prime factors of i?
17
Let s(b) = 2 + 0 - 2*b**3 - 2 - b + b**2. Let g be s(1). List the prime factors of -2 + g*46/(-4).
3, 7
Suppose 3*j = 3*r - 2*j - 460, -r + j = -156. What are the prime factors of r?
2, 5
Let k = 7 + -6. Let v be 2/1 - (-2 - 0). Let t = k + v. List the prime factors of t.
5
Suppose 2800 = 4*k + 10*k. What are the prime factors of k?
2, 5
Suppose -3*q + 408 = 3*t, 2*t - 3*q = 244 + 8. Suppose 3*p - t = 3*n, 0*p = -p - 5*n + 26. What are the prime factors of p?
41
Suppose -3*l - 2*l = 0. Suppose l*d = 5*d - 65. What are the prime factors of d?
13
Let w(x) = -28*x**3. List the prime factors of w(-1).
2, 7
Let r(m) = -m**2 + 2*m + 1. Let i be r(2). Suppose -3*w = -2*w - h - 31, h = -i. List the prime factors of w.
2, 3, 5
Suppose b - 5*m - 56 = 0, -4*b = -5*m - 73 - 136. List the prime factors of b.
3, 17
Let j(u) = -u**3 + u**2 - 3*u - 3. Let v be j(3). List the prime factors of (-72)/v*5*1.
2, 3
Suppose -5*u - a - 22 = 2*a, -2*a - 16 = 4*u. Let m be 26*1*u/4. List the prime factors of (2 - 2 - m) + -2.
11
Suppose 22 = 2*x + 2*d, -5*x + 6*x = 3*d - 9. Let j = x + -3. Suppose 12 + 15 = j*w. What are the prime factors of w?
3
Suppose s - 1 = -0. Suppose 3 = -2*i - s. What are the prime factors of ((-8)/(-2))/(i/(-4))?
2
Let a(b) = -13*b**2 - 5*b - 2. Let o(d) = -6*d**2 - 3*d - 1. Let k(p) = 4*a(p) - 9*o(p). Suppose -m = 9 - 4. What are the prime factors of k(m)?
2
Let f = 1 - 1. Let x = 10 + f. What are the prime factors of x?
2, 5
Suppose 7*h - 141 = 2*h + 2*b, 2*h + 5*b - 68 = 0. List the prime factors of h.
29
What are the prime factors of 140/(-8)*(-120)/14?
2, 3, 5
Let a(p) = p + 7. Let l be a(-4). Suppose -m - 28 = -3*z - 2*m, -l*m = -12. What are the prime factors of z?
2
Suppose -4*o + 4*h + 68 = 0, -3*h + 11 = 3*o - 10. Suppose -o = -s - 2*s. Suppose -2*c = s*u + 2, 3*c - 31 + 10 = 2*u. List the prime factors of c.
5
Suppose m = -3*m - 268. Let d = -36 - m. List the prime factors of d.
31
Suppose 0 = 3*h - 9, s - 23 = -4*h - 8. Suppose a + 166 = 5*u - s*a, 0 = -3*u + a + 101. What are the prime factors of u?
2, 17
Suppose 0 = -3*a - 2*h - 0*h + 16, -3*a - h = -11. Suppose n = a*n. Suppose 2*l + 5*i - 23 = n, 3*i = 3*l + i - 25. What are the prime factors of l?
3
Suppose -10*n + 14*n - 172 = 0. What are the prime factors of n?
43
List the prime factors of (-14)/(-98) - (-755)/7.
2, 3
Let t(i) = 5*i**2 - 2*i - 1. Suppose -2*h - 4*v + 5*v - 6 = 0, 3*h = -5*v + 17. Let a = h + 0. What are the prime factors of t(a)?
2, 3
Suppose 3*l - 29 = -2*v - 3*v, -20 = -5*v. Suppose -c - 3*c - 5*r = 11, -3*c = 2*r + l. What are the prime factors of 2*(c/2 - -1)?
3
Let y(t) = -t**3 - 3*t**2 + 1. Let m be y(-2). Suppose 0 = -5*j - 3 + 23. List the prime factors of j*m/((-12)/11).
11
Let m be 5/(-20) - 111/4. List the prime factors of (3/(-6))/(2/m).
7
Let n(a) = 16*a + 2. What are the prime factors of n(3)?
2, 5
Let z(g) = -g**3 + g + 1. Let j(x) = -x**3 + 6*x**2 + 4*x - 1. Let v be (-2)/6 - 4/6. Let c(y) = v*j(y) + 2*z(y). List the prime factors of c(-6).
3, 5
Let x(s) = -4*s - 20. List the prime factors of x(-22).
2, 17
Let a = 16 + -11. What are the prime factors of (25/a)/((-1)/(-2))?
2, 5
Suppose 0*q + 65 = 5*q. Let n = q - 8. Suppose -16 = n*s - 46. List the prime factors of s.
2, 3
Suppose -5*y = -3*r - 1196, 0 = -4*r - 0*r - 8. List the prime factors of y.
2, 7, 17
Let r = -8 - -12. Suppose -r - 8 = -v. What are the prime factors of v?
2, 3
Suppose -2*z + 20 = 2*z. Let d(b) = 8*b + 1. Let u be d(4). Suppose -i - 2*i + u = z*m, m - 1 = 5*i. What are the prime factors of m?
2, 3
Let h(g) be the first derivative of g**4/4 - 4*g**3/3 + 2*g**2 - g + 3. Let n(o) = -o**2 + 8*o - 3. Let u be n(7). What are the prime factors of h(u)?
3, 5
Let p(d) = 4*d**2 - 5*d + 5. What are the prime factors of p(2)?
11
Suppose -4*u - 3*c = -0*c - 29, 2*c = -10. List the prime factors of u.
11
Let l(s) = -s + 8. List the prime factors of l(-5).
13
Let a(j) = -3*j + 4. Let n be a(-3). Let b(q) = q**2 - 12*q - 6. What are the prime factors of b(n)?
7
Let q be ((-48)/(-30))/(2/5). Suppose 4*a + 5 = 5*x - 66, 2*x - 26 = q*a. What are the prime factors of x?
3, 5
Suppose 0*n - 2*n = 0. Suppose 5*b - 23 = -5*o + 72, n = 3*o - b - 53. What are the prime factors of o?
2, 3
Suppose 3*t - 10 = -4. Suppose -5*k = -3*n + n - 10, 5*k + 3*n = -15. Suppose k = -t*w + s + 18, w - 2*s = -5 + 14. What are the prime factors of w?
3
Let m = 3 + -3. Suppose m = -p - 3*p + 8. Suppose 4*q + p = 3*n - 0, -40 = -4*n - 4*q. List the prime factors of n.
2, 3
List the prime factors of 6/4*(-162)/(-9).
3
Let r = -13 - -18. Let j = -2 + r. List the prime factors of ((-1)/j)/(2/(-42)).
7
What are the prime factors of (-6)/(-3) + 42 + -2?
2, 3, 7
Let u(p) = p**2 + 7*p - 26. What are the prime factors of u(-11)?
2, 3
Suppose -8 = -5*k + 2. What are the prime factors of k?
2
Suppose -3*d + 93 = 2*r, -2*d + 2*r = -6*d + 122. List the prime factors of d.
29
Let d be -1*(-1 - -2) - -18. Suppose 5*l - 28 = d. What are the prime factors of l?
3
Suppose 2 + 1 = 3*a. Suppose -a = -t + 29. What are the prime factors of (-1)/(t/33 + -1)?
11
Let v(q) = q + 4. Let i = -8 - -5. Let w be v(i). Let t = 4 + w. List the prime factors of t.
5
Let p(q) = 7*q + 2. Let z be 2/(-4) - (-6)/4. What are the prime factors of p(z)?
3
Let n(c) = -6 + 2*c**3 - 2*c**3 + 6*c**2 + c**3 + 3*c. Let w be n(-5). Suppose 0 = u - s - 5, -w*u - 3*s = u - 9. What are the prime factors of u?
3
Let l = 132 + -113. Let v(o) = -3*o + 7. Let j be v(6). Let m = j + l. What are the prime factors of m?
2
Suppose 2*o = -2*n + 14, 4*o + 5*n = o + 25. List the prime factors of 1/5 + 34/o.
7
What are the prime factors of 1*27*(-6 - -8)?
2, 3
Let v = 292 - 153. What are the prime factors of v?
139
Suppose 3*i + 12 + 63 = 3*n, 5*i = -5*n - 115. List the prime factors of i*((-21)/(-9) + -3).
2
Suppose -5*c = -2*s - 6 + 2, 9 = 5*s - 3*c. Suppose 2*x = -2*p + 16 + 12, 0 = s*p + x - 48. What are the prime factors of p?
17
Suppose 0 = -8*q - 63 + 311. List the prime factors of q.
31
Suppose 5*r = 2*r - 3*o - 15, 0 = 4*r + 5*o + 23. Let g be 54/15 - r/5. Suppose 3*b + 2*m - 20 = -3, g*b - 24 = -2*m. List the prime factors of b.
7
Let d(y) be the third derivative of y**7/2520 + y**6/144 - y**5/20 - 3*y**2. Let s(x) be the third derivative of d(x). List the prime factors of s(5).
3, 5
Suppose -x - 3*x = 0. Suppose x = -3*i - 5 + 11. List the prime factors of i.
2
What are the prime factors of ((-3)/9)/((-3 + 6)/(-1017))?
113
Let j = 12 + -7. Suppose j*y = -1 + 16. List the prime factors of y.
3
Let q = -144 - -258. List the prime factors of q.
2, 3, 19
Let i = 46 - 42. List the prime factors of i.
2
Let u(v) = 13*v + 2. Suppose 2 = s - 0. What are the prime factors of u(s)?
2, 7
Suppose 7*u - 262 - 46 = 0. List the prime factors of u.
2, 11
Let i = -17 - 50. What are the prime factors of i/(-3) + 30/45?
23
Suppose -5*x - 16 = 3*r, 4*r + 0*x + 4*x + 8 = 0. Let j = 4 + -1. Suppose -j*v + 9 = -r. What are the prime factors of v?
2
Let c = 17 + -11. Let r(j) = -j**2 + 6*j + 2. Let b be r(c). Suppose 0 = 4*k + 16, -4*q + 52 = 5*k - b*k. What are the prime factors of q?
2
Let g be (8/6)/((-4)/(-66)). Let o(f) = 10*f**2 + 2*f - 1. Let r be o(1). Let h = g - r. What are the prime factors of h?
11
Let f(a) = -12*a**3 - a**2 - 7*a - 3. What are the prime factors of f(-3)?
3, 37
